{"version":1,"type":"rich","width":1920,"height":1080,"title":"Vesz\u00e9lyben az emberi jogok: A szabads\u00e1gjogok \u00e9s a v\u00e1laszt\u00e1s szabads\u00e1g\u00e1nak megv\u00e9d\u00e9se - Roger Kiska (Hungarian)","url":"https:\/\/conference.iftcc.org\/video\/177\/veszelyben-az-emberi-jogok-a-szabadsagjogok-es-a-valasztas-szabadsaganak-megvedese---roger-kiska-hungarian","provider_name":"IFTCC Conference","provider_url":"https:\/\/conference.iftcc.org\/","html":"<div class=\"embed-responsive embed-responsive-16by9\"><iframe width=\"640\" height=\"360\" style=\"max-width: 100%;max-height: 100%; border:none;\" src=\"https:\/\/conference.iftcc.org\/videoEmbed\/177\/veszelyben-az-emberi-jogok-a-szabadsagjogok-es-a-valasztas-szabadsaganak-megvedese---roger-kiska-hungarian?modestbranding=1&showinfo=1&autoplay=&controls=1&loop=&mute=&t=0&objectFit=\" frameborder=\"0\" allowfullscreen=\"allowfullscreen\" allow=\"autoplay\" scrolling=\"no\">iFrame is not supported!<\/iframe><\/div>"}

Veszélyben az emberi jogok: A szabadságjogok és a választás szabadságának megvédése - Roger Kiska (Hungarian)
