{"version":1,"type":"rich","width":1920,"height":1080,"title":"A nemv\u00e1lt\u00e1s megb\u00e1n\u00e1sa- amit az un. ''tranz\u00edci\u00f3'' nem gy\u00f3gy\u00edt meg - Walt Heyer (Hungarian)","url":"https:\/\/conference.iftcc.org\/video\/148\/a-nemvaltas-megbanasa--amit-az-un.-%22tranzicio%22-nem-gyogyit-meg---walt-heyer-hungarian-","provider_name":"IFTCC Conference","provider_url":"https:\/\/conference.iftcc.org\/","html":"<div class=\"embed-responsive embed-responsive-16by9\"><iframe width=\"640\" height=\"360\" style=\"max-width: 100%;max-height: 100%; border:none;\" src=\"https:\/\/conference.iftcc.org\/videoEmbed\/148\/a-nemvaltas-megbanasa--amit-az-un.-%22tranzicio%22-nem-gyogyit-meg---walt-heyer-hungarian-?modestbranding=1&showinfo=1&autoplay=&controls=1&loop=&mute=&t=0&objectFit=\" frameborder=\"0\" allowfullscreen=\"allowfullscreen\" allow=\"autoplay\" scrolling=\"no\">iFrame is not supported!<\/iframe><\/div>"}

A nemváltás megbánása- amit az un. ''tranzíció'' nem gyógyít meg - Walt Heyer (Hungarian)
